 g = r + 86. What are the prime factors of g?
181
Let g be 1/(1/9) - 0. Suppose 70 - 22 = -j. What are the prime factors of (-9)/g - j/2?
23
Let y = 34 - 34. Suppose -3*b - 5 = 4, 4*r + b + 159 = y. What are the prime factors of 6/(-4)*1222/r?
47
Suppose -9*n + 1008 = -3762. What are the prime factors of n?
2, 5, 53
Suppose 5*z + 0*z = -25, 4*v - z = 565. Let i = v - 38. List the prime factors of i.
2, 3, 17
Let k(c) = c - 10. Let i(x) = -7*x - 7. Let g be i(-2). Let b be k(g). Let s = b - -56. List the prime factors of s.
53
Let l(q) be the third derivative of q**5/60 - q**4/6 + q**3/6 + 4*q**2. Let k be l(1). List the prime factors of (-33)/k + (-2)/4.
2
Suppose 24 = 10*g - 6*g. Suppose 5*c - 3*m = 39, 5*c - 29 = 2*c - m. Suppose -3*x = -g*x + c. List the prime factors of x.
3
Suppose 0*t + 1 = t. Suppose g + 2 + t = 0. List the prime factors of g/(-9) + 152/12.
13
Suppose -2*v = -7*v + 3*x + 4576, 3*x = -5*v + 4594. Suppose -9*i = -955 - v. What are the prime factors of i?
2, 13
Let o(i) = -i**3 - 10*i**2 + 11*i + 3. Let r be o(-11). Suppose r*n = 2*n + 25. Suppose -2*x - 28 = -b - 3*x, -5*x + n = 0. List the prime factors of b.
23
Let v = 32 - 29. Suppose -r = v*r - 120. What are the prime factors of r?
2, 3, 5
Suppose -3*i - 2*i + 2*g + 20 = 0, -g + 20 = 5*i. Let v be i + -1 + 1 + -4. Suppose -l + 176 = 4*l - 2*a, v = 3*l + 2*a - 112. What are the prime factors of l?
2, 3
Suppose -4*g - 36 = 4*d + 8, g - 1 = 5*d. List the prime factors of ((-5)/(-5) + g)*-10.
2, 5
Let s = 213 - 79. Suppose 4*g - 458 = s. Suppose 5*i - 47 - g = 0. What are the prime factors of i?
3, 13
Let v(j) = -j - 20. Let f(m) = m**2 - 3*m - 5. Let r be f(4). Let g(w) = 1. Let q(x) = r*v(x) - 3*g(x). What are the prime factors of q(9)?
2, 13
Let u = 2 + 1. Suppose -4*h + u = -5. List the prime factors of h.
2
Suppose -2693 = 3*x + b, 0 = -0*b - 4*b - 20. What are the prime factors of (-10)/(-25) + x/(-10)?
2, 3, 5
Suppose 2*y + 2*y - 3560 = 0. What are the prime factors of y?
2, 5, 89
List the prime factors of 1551/22*(-1372)/(-21).
2, 7, 47
Let h be 0/6 - (-8)/2. Suppose 0 = -4*x - 3*k + 13, k = -5*x + h*k + 23. Suppose 3*d + i + x*i = 70, 4*d - 98 = -2*i. List the prime factors of d.
5
Suppose -54 = 2*t + 3*f, 5*t - 2*t = f - 81. Let y = 293 - 220. Let c = t + y. List the prime factors of c.
2, 23
Suppose -3065 = -2*u + 3*f, -9*f + 8*f = 1. List the prime factors of u.
1531
Suppose -p - 1 = -k, 4*k + 11 = 2*p - p. Let s be (55 - 0)/(k/4). Let c = s - -78. List the prime factors of c.
23
Let o(g) = -g - 8. Let d be o(-10). Let i(y) = -y**d + 2 + 1 - 6*y**3 + 8*y**3 - 4*y. List the prime factors of i(3).
2, 3
Let a = 642 - 372. List the prime factors of a.
2, 3, 5
Let i be (6 + -3)/3*-17. Let t(q) = q + 23. Let w be t(i). Let r = w + -2. List the prime factors of r.
2
Let u = -51 + -41. Let w = 142 + u. What are the prime factors of w?
2, 5
Let a = 144 - 15. Let m = a + -104. What are the prime factors of m?
5
Let t = 9 + -9. Suppose 2*d + 4*d - 888 = t. List the prime factors of d.
2, 37
Let y = 18 + -8. Suppose -3*a + 4*s + 179 = 0, 4*s = a - 83 + y. What are the prime factors of -1 + (0 - 2) + a?
2, 5
Let l = 172 - -124. Suppose 3*a = l + 448. List the prime factors of 2/10 - a/(-10).
5
Let r(y) = 127*y**2 + 4*y - 5. List the prime factors of r(-4).
2011
What are the prime factors of (-10)/(107 + -7) - (-37862)/20?
3, 631
Let n(v) be the second derivative of -5/2*v**3 + 2*v**2 - 7*v + 0. What are the prime factors of n(-4)?
2
Let l be (11 + (-3 - -2))/2. Let d = 1 - l. List the prime factors of d/10 + (-228)/(-20).
11
Let q(n) = -6*n - 27. Let y be q(-8). Suppose 19*w + 116 = y*w. What are the prime factors of w?
2, 29
Suppose -c = 2*s - 5276, 4*s + s + 26395 = 5*c. Suppose -20*r + c = -942. What are the prime factors of r?
311
Let d(u) = 24*u**2 + 12*u - 21. List the prime factors of d(-6).
3, 257
Let g be 4/(-38) - 240/(-114). Suppose y - 190 = -2*v + g*y, -y - 380 = -4*v. List the prime factors of v.
5, 19
List the prime factors of 28/(-126) - 34006/(-18).
1889
Let w = -484 + 832. Suppose 4*s - w = -2*s. What are the prime factors of s?
2, 29
Let u(i) = -52*i + 29. Let o be u(3). Let a = o + 247. What are the prime factors of a?
2, 3, 5
Let i(d) be the third derivative of -8*d**2 + 2/3*d**3 + 0*d + 1/8*d**4 + 1/60*d**5 + 0. List the prime factors of i(-7).
2
Suppose m = 1 + 3. Suppose m*l - l - 6 = 0. Suppose 0 = 4*f + p - 17 - 84, 106 = 4*f + l*p. List the prime factors of f.
2, 3
Let o = -474 + 1165. What are the prime factors of o?
691
Let i = -27 - -8. Let o = i + 23. Suppose 0 = -s - o*z + 34, -2*s + 3*z + 9 = -26. What are the prime factors of s?
2, 11
Let b(h) = -4*h + 4. Let w be b(-7). Let j = w + 66. Suppose 3*m = -0*m + 4*l + j, 5*m - 173 = -3*l. What are the prime factors of m?
2, 17
Let r(i) = 147*i + 187. What are the prime factors of r(6)?
1069
Let j = 796 + -401. What are the prime factors of j?
5, 79
Let z(k) be the first derivative of k**3/3 + 8*k**2 + 33*k + 21. What are the prime factors of z(-18)?
3, 23
Suppose -a + 1142 = a. Suppose -4*h - 1551 = 5*i - a, -5*h = 0. List the prime factors of i/(-35) - 6/10.
5
Let o = 395 + -247. What are the prime factors of o?
2, 37
Suppose 17 = 3*j - 55. What are the prime factors of j*(34/(-51) - 130/(-24))?
2, 3, 19
Let t(x) = -4*x + 9. Let g be t(2). List the prime factors of -166*2/(-4)*g.
83
Let l = -2970 + 4409. What are the prime factors of l?
1439
Suppose 5*m + 4*c = 16, 2*m - 3*c - 2*c - 13 = 0. Let n = -39 - -69. Suppose -m*t - t = -n. What are the prime factors of t?
2, 3
Let b be 6/4*-2 - 1. Let f(x) = 4*x**3 + x + 2*x**3 - 5 + 4*x**2 - 5*x**3 - 3*x. What are the prime factors of f(b)?
3
Let k = 10 + -22. Let u = k - -3. List the prime factors of (-1)/2*u*2.
3
Let h(r) = -r + 7. Suppose 0 = 2*k - 3*z - 20, 2*z + 8 = 2*k + 5*z. Let j be h(k). Suppose -g + 14 = x, 0 = -j*x + 3*x - 6. What are the prime factors of g?
2, 3
Suppose -4*f = -4*r + 12, 4 - 9 = -5*r. List the prime factors of 0 - (1 + f + -1).
2
Suppose -5*p = 0, 3*f = p + 4871 + 1954. What are the prime factors of f?
5, 7, 13
Let n = 10 + -7. Suppose 5*q = -0*q + 290. Suppose 2*z - 4*z + 4*p = -58, n*p + q = 2*z. What are the prime factors of z?
29
Let t be ((-4)/(-3))/(11/(-396)). List the prime factors of ((-35)/20)/(3/t).
2, 7
Let c be 36/15 + (-9)/(-15). Suppose 7*l = c*l + 452. Let y = l + -68. List the prime factors of y.
3, 5
List the prime factors of (-6095)/(-371) - (-2)/(-21)*-6.
17
Let r(i) = 19*i - 2. Let x be r(2). Suppose 3*w = -l - 2*l - 18, w = -4*l - x. Let t(j) = j + 14. What are the prime factors of t(l)?
2
Let s = -183 + 230. What are the prime factors of s?
47
Suppose 0 = -4*t + 2*t + 8. Suppose t = 2*z + 2*z - 4*r, -2*z - 5*r - 5 = 0. Suppose z*u - u = -39. List the prime factors of u.
3, 13
Suppose 2*l - 68 = -0*l. Let o be (-1026)/(-51) + (-4)/l. Suppose 21 + o = 4*k - 5*n, n = 5*k - 25. What are the prime factors of k?
2
Let s = 270 - 129. Suppose 4*i - 7 - s = 0. What are the prime factors of i?
37
Let i(l) = l**2 - 20*l + 144. What are the prime factors of i(-22)?
2, 3, 89
Let m = 10 - 5. Let h be (-153)/(-45) + (-2)/m. Suppose h*y = -w + 170, -y + w = -2*w - 70. What are the prime factors of y?
2, 29
Let t(n) be the first derivative of -n**3/3 + 11*n**2/2 + 9*n - 42. Let a = -12 + 23. What are the prime factors of t(a)?
3
Suppose 10*n = 12*n - 224. Suppose -n = -5*t + 443. List the prime factors of t.
3, 37
Let j = 65 - 61. Suppose j*h = 389 + 287. What are the prime factors of h?
13
Let d(b) = -41*b**2 - 7*b. Let h be d(-5). Let o = h - -1654. List the prime factors of o/22 - (-4)/(-22).
2, 3, 5
Let i(u) be the first derivative of -u**4/4 - 7*u**3/3 - 13*u**2/2 - 14*u + 13. What are the prime factors of i(-8)?
2, 7, 11
Suppose -2930 = 10*b - 510. Let f = 391 + b. What are the prime factors of f?
149
What are the prime factors of (-286143)/(-156) - (-1)/(-4)?
2, 7, 131
Let v(c) = c**2 - 17*c + 27. Let g be v(12). Let r = g - -106. What are the prime factors of r?
73
Let r(n) be the first derivative of n**4/4 - n**2/2 + 41*n - 3. What are the prime factors of r(0)?
41
Let s(v) = v**3 + 3*v**2 + 3*v - 29. Let l be s(9). Let q = -622 + l. What are the prime factors of q?
2, 3, 29
Let h(d) be the third deriv